{"id":41,"date":"2017-01-04T09:20:32","date_gmt":"2017-01-04T09:20:32","guid":{"rendered":"http:\/\/agrar-nenzing.at\/?page_id=41"},"modified":"2017-01-19T17:16:34","modified_gmt":"2017-01-19T17:16:34","slug":"jagd","status":"publish","type":"page","link":"https:\/\/agrar-nenzing.at\/?page_id=41","title":{"rendered":"Jagd"},"content":{"rendered":"<p>Jagdreviere:<\/p>\n<p>I Parfpienz<br \/>\nII Gamperdona<br \/>\nIII Vals<br \/>\nIV Nenzingerberg<br \/>\nV Sattel\/Galina<br \/>\nVI B\u00f6schis<br \/>\nVII Rungeland<br \/>\nVIII Bazul<br \/>\nIX Gampberg<br \/>\nX Neuwald<\/p>\n<p>Das Jagdrecht ist untrennbar an das Eigentum von Grund und Boden gebunden.<\/p>\n<p>Die Agrargemeinschaft Nenzing bewirtschaftet heute 10 Eigenjagdreviere, die kleinste Eigenjagd hat eine Fl\u00e4che von 121 ha, die gr\u00f6\u00dfte, die Eigenjagd Gamperdona, hat eine Fl\u00e4che von 2 806 ha.<\/p>\n<p>Die Aufteilung in die heutige Revierstruktur erfolgte als erster Schritt 1978 und als zweiter Schritt 1990 aufgrund einer Fachstudie von Univ. Prof. Dr. Friedrich Reimoser zur Verbesserung der Bejagung der talseitigen Objektschutzw\u00e4lder.<\/p>\n<p>Die Eigenjagden werden f\u00fcr 6 Jahre verpachtet oder es bestehen Abschussvertr\u00e4ge. Grunds\u00e4tzlich ist das Jagdrecht so auszu\u00fcben, dass keine gravierenden Sch\u00e4den am Wald oder anderen Kulturen entstehen. Dabei ist darauf zu achten, dass ein gesunder, artenreicher und nach Alter und Geschlecht ausgeglichener Wildbestand erhalten bleibt. Von wesentlicher Bedeutung ist die Erhaltung und Verbesserung der Wildlebensr\u00e4ume. Dabei werden in den unterschiedlichen Lebensr\u00e4umen und in Abh\u00e4ngigkeit der Schutzwaldfunktion deutlich unterschiedliche Schwerpunkte gesetzt.<\/p>\n<p>&nbsp;<\/p>\n<figure id=\"attachment_446\" aria-describedby=\"caption-attachment-446\" style=\"width: 600px\" class=\"wp-caption alignnone\"><img loading=\"lazy\" decoding=\"async\" class=\"wp-image-446 size-full\" src=\"http:\/\/agrar-nenzing.at\/wp-content\/uploads\/2017\/01\/Innerster-Hof.jpg\" width=\"600\" height=\"450\" srcset=\"https:\/\/agrar-nenzing.at\/wp-content\/uploads\/2017\/01\/Innerster-Hof.jpg 600w, https:\/\/agrar-nenzing.at\/wp-content\/uploads\/2017\/01\/Innerster-Hof-300x225.jpg 300w\" sizes=\"auto, (max-width: 600px) 100vw, 600px\" \/><figcaption id=\"caption-attachment-446\" class=\"wp-caption-text\">Innerster Hof &#8211; Jagd Nenzingerberg<\/figcaption><\/figure>\n","protected":false},"excerpt":{"rendered":"<p>Jagdreviere: I Parfpienz II Gamperdona III Vals IV Nenzingerberg V Sattel\/Galina VI B\u00f6schis VII Rungeland VIII Bazul IX Gampberg X Neuwald Das Jagdrecht ist untrennbar an das Eigentum von Grund und Boden gebunden. Die Agrargemeinschaft Nenzing bewirtschaftet heute 10 Eigenjagdreviere, die kleinste Eigenjagd hat eine Fl\u00e4che von 121 ha, die gr\u00f6\u00dfte, die Eigenjagd Gamperdona, hat &hellip; <\/p>\n<p class=\"link-more\"><a href=\"https:\/\/agrar-nenzing.at\/?page_id=41\" class=\"more-link\"><span class=\"screen-reader-text\">\u201eJagd\u201c <\/span>weiterlesen<\/a><\/p>\n","protected":false},"author":75,"featured_media":0,"parent":0,"menu_order":0,"comment_status":"closed","ping_status":"closed","template":"","meta":{"footnotes":""},"class_list":["post-41","page","type-page","status-publish","hentry"],"_links":{"self":[{"href":"https:\/\/agrar-nenzing.at\/index.php?rest_route=\/wp\/v2\/pages\/41","targetHints":{"allow":["GET"]}}],"collection":[{"href":"https:\/\/agrar-nenzing.at\/index.php?rest_route=\/wp\/v2\/pages"}],"about":[{"href":"https:\/\/agrar-nenzing.at\/index.php?rest_route=\/wp\/v2\/types\/page"}],"author":[{"embeddable":true,"href":"https:\/\/agrar-nenzing.at\/index.php?rest_route=\/wp\/v2\/users\/75"}],"replies":[{"embeddable":true,"href":"https:\/\/agrar-nenzing.at\/index.php?rest_route=%2Fwp%2Fv2%2Fcomments&post=41"}],"version-history":[{"count":5,"href":"https:\/\/agrar-nenzing.at\/index.php?rest_route=\/wp\/v2\/pages\/41\/revisions"}],"predecessor-version":[{"id":447,"href":"https:\/\/agrar-nenzing.at\/index.php?rest_route=\/wp\/v2\/pages\/41\/revisions\/447"}],"wp:attachment":[{"href":"https:\/\/agrar-nenzing.at\/index.php?rest_route=%2Fwp%2Fv2%2Fmedia&parent=41"}],"curies":[{"name":"wp","href":"https:\/\/api.w.org\/{rel}","templated":true}]}}

<p>Jagdreviere:</p>
<p>I Parfpienz<br />
II Gamperdona<br />
III Vals<br />
IV Nenzingerberg<br />
V Sattel/Galina<br />
VI Böschis<br />
VII Rungeland<br />
VIII Bazul<br />
IX Gampberg<br />
X Neuwald</p>
<p>Das Jagdrecht ist untrennbar an das Eigentum von Grund und Boden gebunden.</p>
<p>Die Agrargemeinschaft Nenzing bewirtschaftet heute 10 Eigenjagdreviere, die kleinste Eigenjagd hat eine Fläche von 121 ha, die größte, die Eigenjagd Gamperdona, hat eine Fläche von 2 806 ha.</p>
<p>Die Aufteilung in die heutige Revierstruktur erfolgte als erster Schritt 1978 und als zweiter Schritt 1990 aufgrund einer Fachstudie von Univ. Prof. Dr. Friedrich Reimoser zur Verbesserung der Bejagung der talseitigen Objektschutzwälder.</p>
<p>Die Eigenjagden werden für 6 Jahre verpachtet oder es bestehen Abschussverträge. Grundsätzlich ist das Jagdrecht so auszuüben, dass keine gravierenden Schäden am Wald oder anderen Kulturen entstehen. Dabei ist darauf zu achten, dass ein gesunder, artenreicher und nach Alter und Geschlecht ausgeglichener Wildbestand erhalten bleibt. Von wesentlicher Bedeutung ist die Erhaltung und Verbesserung der Wildlebensräume. Dabei werden in den unterschiedlichen Lebensräumen und in Abhängigkeit der Schutzwaldfunktion deutlich unterschiedliche Schwerpunkte gesetzt.</p>
<p>&nbsp;</p>
<figure id="attachment_446" aria-describedby="caption-attachment-446" style="width: 600px" class="wp-caption alignnone"><img loading="lazy" decoding="async" class="wp-image-446 size-full" src="http://agrar-nenzing.at/wp-content/uploads/2017/01/Innerster-Hof.jpg" width="600" height="450" srcset="https://agrar-nenzing.at/wp-content/uploads/2017/01/Innerster-Hof.jpg 600w, https://agrar-nenzing.at/wp-content/uploads/2017/01/Innerster-Hof-300x225.jpg 300w" sizes="auto, (max-width: 600px) 100vw, 600px" /><figcaption id="caption-attachment-446" class="wp-caption-text">Innerster Hof &#8211; Jagd Nenzingerberg</figcaption></figure>

<p>Jagdreviere: I Parfpienz II Gamperdona III Vals IV Nenzingerberg V Sattel/Galina VI Böschis VII Rungeland VIII Bazul IX Gampberg X Neuwald Das Jagdrecht ist untrennbar an das Eigentum von Grund und Boden gebunden. Die Agrargemeinschaft Nenzing bewirtschaftet heute 10 Eigenjagdreviere, die kleinste Eigenjagd hat eine Fläche von 121 ha, die größte, die Eigenjagd Gamperdona, hat &hellip; </p>
<p class="link-more"><a href="https://agrar-nenzing.at/?page_id=41" class="more-link"><span class="screen-reader-text">„Jagd“ </span>weiterlesen</a></p>
