{"id":43,"date":"2017-01-04T09:20:47","date_gmt":"2017-01-04T09:20:47","guid":{"rendered":"http:\/\/agrar-nenzing.at\/?page_id=43"},"modified":"2017-10-30T08:57:17","modified_gmt":"2017-10-30T08:57:17","slug":"mitglieder","status":"publish","type":"page","link":"https:\/\/agrar-nenzing.at\/?page_id=43","title":{"rendered":"Mitglieder"},"content":{"rendered":"<p><em><img loading=\"lazy\" decoding=\"async\" class=\"alignnone size-full wp-image-558\" src=\"http:\/\/agrar-nenzing.at\/wp-content\/uploads\/2017\/01\/cropped-Logo-transparent-transparent_klein.jpg\" alt=\"\" width=\"250\" height=\"250\" srcset=\"https:\/\/agrar-nenzing.at\/wp-content\/uploads\/2017\/01\/cropped-Logo-transparent-transparent_klein.jpg 250w, https:\/\/agrar-nenzing.at\/wp-content\/uploads\/2017\/01\/cropped-Logo-transparent-transparent_klein-150x150.jpg 150w, https:\/\/agrar-nenzing.at\/wp-content\/uploads\/2017\/01\/cropped-Logo-transparent-transparent_klein-100x100.jpg 100w\" sizes=\"auto, (max-width: 250px) 100vw, 250px\" \/><\/em><\/p>\n<p><em>Die Agrargemeinschaft Nenzing ist eine Gemeinschaft von Nutzungsberechtigten mit Rechten und Pflichten. Sie tr\u00e4gt die Verantwortung f\u00fcr das Gemeinschaftseigentum. Unser Leitbild steht f\u00fcr Identit\u00e4t nach innen, sowie nach au\u00dfen und zeigt, an welchen Visionen, Werten und Zielen wir uns orientieren.<\/em><\/p>\n<ul>\n<li>\u00a0Wir bekennen uns zu unseren gemeinschaftlichen Wurzeln und \u00fcbernehmen im Sinne zuk\u00fcnftiger Generationen bewusst Verantwortung f\u00fcr unsere Kultur- und Naturlandschaft.<\/li>\n<li>Wir erhalten und entwickeln die Lebensr\u00e4ume f\u00fcr Menschen, Wildtiere und Pflanzen durch nachhaltige Land-, Alp- und Waldwirtschaft. Wir verpflichten uns, deren Schutz-, Nutz- und Erholungsfunktion zu gew\u00e4hrleisten und zu verbessern.<\/li>\n<li>Die schonende und sorgsame Nutzung der nat\u00fcrlichen Ressourcen erm\u00f6glicht die Umsetzung unserer vielseitigen Aufgaben.<\/li>\n<li>Wir sch\u00e4tzen und f\u00f6rdern den einzigartigen Charakter des Nenzinger Himmels und erm\u00f6glichen die Erlebbarkeit der wertvollen Pflanzen- und Wildlebensr\u00e4umen des Gamperdonatales.<\/li>\n<li>Wir kommunizieren offen und leisten aktiv Beitr\u00e4ge zur Entwicklung des Gemeinwohls in der Gemeinde und in der Region.<\/li>\n<li>Als Unternehmen agieren wir eigenst\u00e4ndig nach \u00f6kologischen und \u00f6konomischen Kriterien. Unsere Erfahrungen und Entscheidungen, sowie die fachlichen Kompetenzen unserer Mitarbeiter sichern den Bestand und die zuk\u00fcnftige Entwicklung der Agrargemeinschaft Nenzing.<\/li>\n<\/ul>\n<p>&nbsp;<\/p>\n","protected":false},"excerpt":{"rendered":"<p>Die Agrargemeinschaft Nenzing ist eine Gemeinschaft von Nutzungsberechtigten mit Rechten und Pflichten. Sie tr\u00e4gt die Verantwortung f\u00fcr das Gemeinschaftseigentum. Unser Leitbild steht f\u00fcr Identit\u00e4t nach innen, sowie nach au\u00dfen und zeigt, an welchen Visionen, Werten und Zielen wir uns orientieren. \u00a0Wir bekennen uns zu unseren gemeinschaftlichen Wurzeln und \u00fcbernehmen im Sinne zuk\u00fcnftiger Generationen bewusst Verantwortung &hellip; <\/p>\n<p class=\"link-more\"><a href=\"https:\/\/agrar-nenzing.at\/?page_id=43\" class=\"more-link\"><span class=\"screen-reader-text\">\u201eMitglieder\u201c <\/span>weiterlesen<\/a><\/p>\n","protected":false},"author":75,"featured_media":0,"parent":0,"menu_order":0,"comment_status":"closed","ping_status":"closed","template":"","meta":{"footnotes":""},"class_list":["post-43","page","type-page","status-publish","hentry"],"_links":{"self":[{"href":"https:\/\/agrar-nenzing.at\/index.php?rest_route=\/wp\/v2\/pages\/43","targetHints":{"allow":["GET"]}}],"collection":[{"href":"https:\/\/agrar-nenzing.at\/index.php?rest_route=\/wp\/v2\/pages"}],"about":[{"href":"https:\/\/agrar-nenzing.at\/index.php?rest_route=\/wp\/v2\/types\/page"}],"author":[{"embeddable":true,"href":"https:\/\/agrar-nenzing.at\/index.php?rest_route=\/wp\/v2\/users\/75"}],"replies":[{"embeddable":true,"href":"https:\/\/agrar-nenzing.at\/index.php?rest_route=%2Fwp%2Fv2%2Fcomments&post=43"}],"version-history":[{"count":5,"href":"https:\/\/agrar-nenzing.at\/index.php?rest_route=\/wp\/v2\/pages\/43\/revisions"}],"predecessor-version":[{"id":1684,"href":"https:\/\/agrar-nenzing.at\/index.php?rest_route=\/wp\/v2\/pages\/43\/revisions\/1684"}],"wp:attachment":[{"href":"https:\/\/agrar-nenzing.at\/index.php?rest_route=%2Fwp%2Fv2%2Fmedia&parent=43"}],"curies":[{"name":"wp","href":"https:\/\/api.w.org\/{rel}","templated":true}]}}

<p><em><img loading="lazy" decoding="async" class="alignnone size-full wp-image-558" src="http://agrar-nenzing.at/wp-content/uploads/2017/01/cropped-Logo-transparent-transparent_klein.jpg" alt="" width="250" height="250" srcset="https://agrar-nenzing.at/wp-content/uploads/2017/01/cropped-Logo-transparent-transparent_klein.jpg 250w, https://agrar-nenzing.at/wp-content/uploads/2017/01/cropped-Logo-transparent-transparent_klein-150x150.jpg 150w, https://agrar-nenzing.at/wp-content/uploads/2017/01/cropped-Logo-transparent-transparent_klein-100x100.jpg 100w" sizes="auto, (max-width: 250px) 100vw, 250px" /></em></p>
<p><em>Die Agrargemeinschaft Nenzing ist eine Gemeinschaft von Nutzungsberechtigten mit Rechten und Pflichten. Sie trägt die Verantwortung für das Gemeinschaftseigentum. Unser Leitbild steht für Identität nach innen, sowie nach außen und zeigt, an welchen Visionen, Werten und Zielen wir uns orientieren.</em></p>
<ul>
<li> Wir bekennen uns zu unseren gemeinschaftlichen Wurzeln und übernehmen im Sinne zukünftiger Generationen bewusst Verantwortung für unsere Kultur- und Naturlandschaft.</li>
<li>Wir erhalten und entwickeln die Lebensräume für Menschen, Wildtiere und Pflanzen durch nachhaltige Land-, Alp- und Waldwirtschaft. Wir verpflichten uns, deren Schutz-, Nutz- und Erholungsfunktion zu gewährleisten und zu verbessern.</li>
<li>Die schonende und sorgsame Nutzung der natürlichen Ressourcen ermöglicht die Umsetzung unserer vielseitigen Aufgaben.</li>
<li>Wir schätzen und fördern den einzigartigen Charakter des Nenzinger Himmels und ermöglichen die Erlebbarkeit der wertvollen Pflanzen- und Wildlebensräumen des Gamperdonatales.</li>
<li>Wir kommunizieren offen und leisten aktiv Beiträge zur Entwicklung des Gemeinwohls in der Gemeinde und in der Region.</li>
<li>Als Unternehmen agieren wir eigenständig nach ökologischen und ökonomischen Kriterien. Unsere Erfahrungen und Entscheidungen, sowie die fachlichen Kompetenzen unserer Mitarbeiter sichern den Bestand und die zukünftige Entwicklung der Agrargemeinschaft Nenzing.</li>
</ul>
<p>&nbsp;</p>

<p>Die Agrargemeinschaft Nenzing ist eine Gemeinschaft von Nutzungsberechtigten mit Rechten und Pflichten. Sie trägt die Verantwortung für das Gemeinschaftseigentum. Unser Leitbild steht für Identität nach innen, sowie nach außen und zeigt, an welchen Visionen, Werten und Zielen wir uns orientieren.  Wir bekennen uns zu unseren gemeinschaftlichen Wurzeln und übernehmen im Sinne zukünftiger Generationen bewusst Verantwortung &hellip; </p>
<p class="link-more"><a href="https://agrar-nenzing.at/?page_id=43" class="more-link"><span class="screen-reader-text">„Mitglieder“ </span>weiterlesen</a></p>
