{"id":45,"date":"2017-01-04T09:22:12","date_gmt":"2017-01-04T09:22:12","guid":{"rendered":"http:\/\/agrar-nenzing.at\/?page_id=45"},"modified":"2017-01-19T17:06:34","modified_gmt":"2017-01-19T17:06:34","slug":"alpen-und-auen","status":"publish","type":"page","link":"https:\/\/agrar-nenzing.at\/?page_id=45","title":{"rendered":"Alpen"},"content":{"rendered":"<p align=\"LEFT\">Zu den Nenzinger Alpen geh\u00f6ren die Alpen Gamperdona, Vermales, G\u00fcfel, Stafeldon, Pan\u00fcl, Ochsenalpe, Setsch, Innerster Hof, K\u00e4serliboden und die Alpila. Bei den Alpen Falscherina und Vals gibt es f\u00fcr die Berechtigten aus Nenzing und Mittelberg festgelegte Nutzungszeiten.<\/p>\n<p>Die Mittelberger Nutzungsberechtigten alpen ihr Vieh zusammen mit den Gurtiser Landwirten auf den Alpen Parpfienz, Furkla und Sattel \u2013 Galina.<\/p>\n<p><a href=\"http:\/\/agrar-nenzing.at\/?page_id=76\">Alpverwaltung<\/a><\/p>\n<p><a href=\"http:\/\/agrar-nenzing.at\/?page_id=79\">Nenzinger Himmel &#8211; Tourismus<\/a><\/p>\n<p>&nbsp;<\/p>\n<p><img loading=\"lazy\" decoding=\"async\" class=\"alignnone wp-image-442 size-full\" src=\"http:\/\/agrar-nenzing.at\/wp-content\/uploads\/2017\/01\/Karte-Alpen-2015.jpg\" width=\"600\" height=\"904\" srcset=\"https:\/\/agrar-nenzing.at\/wp-content\/uploads\/2017\/01\/Karte-Alpen-2015.jpg 600w, https:\/\/agrar-nenzing.at\/wp-content\/uploads\/2017\/01\/Karte-Alpen-2015-199x300.jpg 199w\" sizes=\"auto, (max-width: 600px) 100vw, 600px\" \/><\/p>\n<p>&nbsp;<\/p>\n<p>&nbsp;<\/p>\n","protected":false},"excerpt":{"rendered":"<p>Zu den Nenzinger Alpen geh\u00f6ren die Alpen Gamperdona, Vermales, G\u00fcfel, Stafeldon, Pan\u00fcl, Ochsenalpe, Setsch, Innerster Hof, K\u00e4serliboden und die Alpila. Bei den Alpen Falscherina und Vals gibt es f\u00fcr die Berechtigten aus Nenzing und Mittelberg festgelegte Nutzungszeiten. Die Mittelberger Nutzungsberechtigten alpen ihr Vieh zusammen mit den Gurtiser Landwirten auf den Alpen Parpfienz, Furkla und Sattel &hellip; <\/p>\n<p class=\"link-more\"><a href=\"https:\/\/agrar-nenzing.at\/?page_id=45\" class=\"more-link\"><span class=\"screen-reader-text\">\u201eAlpen\u201c <\/span>weiterlesen<\/a><\/p>\n","protected":false},"author":75,"featured_media":0,"parent":0,"menu_order":0,"comment_status":"closed","ping_status":"closed","template":"","meta":{"footnotes":""},"class_list":["post-45","page","type-page","status-publish","hentry"],"_links":{"self":[{"href":"https:\/\/agrar-nenzing.at\/index.php?rest_route=\/wp\/v2\/pages\/45","targetHints":{"allow":["GET"]}}],"collection":[{"href":"https:\/\/agrar-nenzing.at\/index.php?rest_route=\/wp\/v2\/pages"}],"about":[{"href":"https:\/\/agrar-nenzing.at\/index.php?rest_route=\/wp\/v2\/types\/page"}],"author":[{"embeddable":true,"href":"https:\/\/agrar-nenzing.at\/index.php?rest_route=\/wp\/v2\/users\/75"}],"replies":[{"embeddable":true,"href":"https:\/\/agrar-nenzing.at\/index.php?rest_route=%2Fwp%2Fv2%2Fcomments&post=45"}],"version-history":[{"count":5,"href":"https:\/\/agrar-nenzing.at\/index.php?rest_route=\/wp\/v2\/pages\/45\/revisions"}],"predecessor-version":[{"id":444,"href":"https:\/\/agrar-nenzing.at\/index.php?rest_route=\/wp\/v2\/pages\/45\/revisions\/444"}],"wp:attachment":[{"href":"https:\/\/agrar-nenzing.at\/index.php?rest_route=%2Fwp%2Fv2%2Fmedia&parent=45"}],"curies":[{"name":"wp","href":"https:\/\/api.w.org\/{rel}","templated":true}]}}

<p align="LEFT">Zu den Nenzinger Alpen gehören die Alpen Gamperdona, Vermales, Güfel, Stafeldon, Panül, Ochsenalpe, Setsch, Innerster Hof, Käserliboden und die Alpila. Bei den Alpen Falscherina und Vals gibt es für die Berechtigten aus Nenzing und Mittelberg festgelegte Nutzungszeiten.</p>
<p>Die Mittelberger Nutzungsberechtigten alpen ihr Vieh zusammen mit den Gurtiser Landwirten auf den Alpen Parpfienz, Furkla und Sattel – Galina.</p>
<p><a href="http://agrar-nenzing.at/?page_id=76">Alpverwaltung</a></p>
<p><a href="http://agrar-nenzing.at/?page_id=79">Nenzinger Himmel &#8211; Tourismus</a></p>
<p>&nbsp;</p>
<p><img loading="lazy" decoding="async" class="alignnone wp-image-442 size-full" src="http://agrar-nenzing.at/wp-content/uploads/2017/01/Karte-Alpen-2015.jpg" width="600" height="904" srcset="https://agrar-nenzing.at/wp-content/uploads/2017/01/Karte-Alpen-2015.jpg 600w, https://agrar-nenzing.at/wp-content/uploads/2017/01/Karte-Alpen-2015-199x300.jpg 199w" sizes="auto, (max-width: 600px) 100vw, 600px" /></p>
<p>&nbsp;</p>
<p>&nbsp;</p>

<p>Zu den Nenzinger Alpen gehören die Alpen Gamperdona, Vermales, Güfel, Stafeldon, Panül, Ochsenalpe, Setsch, Innerster Hof, Käserliboden und die Alpila. Bei den Alpen Falscherina und Vals gibt es für die Berechtigten aus Nenzing und Mittelberg festgelegte Nutzungszeiten. Die Mittelberger Nutzungsberechtigten alpen ihr Vieh zusammen mit den Gurtiser Landwirten auf den Alpen Parpfienz, Furkla und Sattel &hellip; </p>
<p class="link-more"><a href="https://agrar-nenzing.at/?page_id=45" class="more-link"><span class="screen-reader-text">„Alpen“ </span>weiterlesen</a></p>
