{"id":57,"date":"2017-01-04T09:43:51","date_gmt":"2017-01-04T09:43:51","guid":{"rendered":"http:\/\/agrar-nenzing.at\/?page_id=57"},"modified":"2025-10-08T08:26:48","modified_gmt":"2025-10-08T08:26:48","slug":"kontakt","status":"publish","type":"page","link":"https:\/\/agrar-nenzing.at\/?page_id=57","title":{"rendered":"Forstbetrieb"},"content":{"rendered":"<h5><\/h5>\n<h5><img loading=\"lazy\" decoding=\"async\" class=\"alignnone size-full wp-image-5059\" src=\"https:\/\/agrar-nenzing.at\/wp-content\/uploads\/2025\/10\/AGN_60_Jahre-17-scaled.jpg\" alt=\"\" width=\"2560\" height=\"1922\" srcset=\"https:\/\/agrar-nenzing.at\/wp-content\/uploads\/2025\/10\/AGN_60_Jahre-17-scaled.jpg 2560w, https:\/\/agrar-nenzing.at\/wp-content\/uploads\/2025\/10\/AGN_60_Jahre-17-300x225.jpg 300w, https:\/\/agrar-nenzing.at\/wp-content\/uploads\/2025\/10\/AGN_60_Jahre-17-1024x769.jpg 1024w, https:\/\/agrar-nenzing.at\/wp-content\/uploads\/2025\/10\/AGN_60_Jahre-17-768x577.jpg 768w, https:\/\/agrar-nenzing.at\/wp-content\/uploads\/2025\/10\/AGN_60_Jahre-17-1536x1153.jpg 1536w, https:\/\/agrar-nenzing.at\/wp-content\/uploads\/2025\/10\/AGN_60_Jahre-17-2048x1538.jpg 2048w\" sizes=\"auto, (max-width: 767px) 89vw, (max-width: 1000px) 54vw, (max-width: 1071px) 543px, 580px\" \/><\/h5>\n<h5><\/h5>\n<h5>Verwaltung<\/h5>\n<p>Am Platz 10<br \/>\n6710 Nenzing<br \/>\nB\u00fcro: Dienstag und Donnerstag 8 &#8211; 12 h<br \/>\nTelefon: ++43 5525 62144<br \/>\n<a href=\"mailto:verwaltung@agrar-nenzing.at\">Mail<\/a><\/p>\n<h5>Holzzentrum\u00a0Galina<\/h5>\n<p>Galinastra\u00dfe 4<br \/>\n6710 Nenzing<\/p>\n<h5>Mitarbeiter<\/h5>\n<p>Gesch\u00e4ftsf\u00fchrer<br \/>\nDI Siegbert Terzer<\/p>\n<p><img loading=\"lazy\" decoding=\"async\" class=\"alignnone wp-image-5061\" src=\"https:\/\/agrar-nenzing.at\/wp-content\/uploads\/2025\/10\/AGN_60_Jahre-34-scaled.jpg\" alt=\"\" width=\"300\" height=\"400\" srcset=\"https:\/\/agrar-nenzing.at\/wp-content\/uploads\/2025\/10\/AGN_60_Jahre-34-scaled.jpg 1922w, https:\/\/agrar-nenzing.at\/wp-content\/uploads\/2025\/10\/AGN_60_Jahre-34-225x300.jpg 225w, https:\/\/agrar-nenzing.at\/wp-content\/uploads\/2025\/10\/AGN_60_Jahre-34-769x1024.jpg 769w, https:\/\/agrar-nenzing.at\/wp-content\/uploads\/2025\/10\/AGN_60_Jahre-34-768x1023.jpg 768w, https:\/\/agrar-nenzing.at\/wp-content\/uploads\/2025\/10\/AGN_60_Jahre-34-1153x1536.jpg 1153w, https:\/\/agrar-nenzing.at\/wp-content\/uploads\/2025\/10\/AGN_60_Jahre-34-1538x2048.jpg 1538w\" sizes=\"auto, (max-width: 300px) 100vw, 300px\" \/><\/p>\n<p>Telefon: 0664 2665432<br \/>\n<a href=\"mailto:terzer@agrar-nenzing.at\">Mail<\/a><\/p>\n<p>F\u00f6rster<br \/>\nIng. Thomas Walter<\/p>\n<p><img loading=\"lazy\" decoding=\"async\" class=\"alignnone wp-image-5063\" src=\"https:\/\/agrar-nenzing.at\/wp-content\/uploads\/2025\/10\/AGN_60_Jahre-37-scaled.jpg\" alt=\"\" width=\"288\" height=\"384\" srcset=\"https:\/\/agrar-nenzing.at\/wp-content\/uploads\/2025\/10\/AGN_60_Jahre-37-scaled.jpg 1922w, https:\/\/agrar-nenzing.at\/wp-content\/uploads\/2025\/10\/AGN_60_Jahre-37-225x300.jpg 225w, https:\/\/agrar-nenzing.at\/wp-content\/uploads\/2025\/10\/AGN_60_Jahre-37-769x1024.jpg 769w, https:\/\/agrar-nenzing.at\/wp-content\/uploads\/2025\/10\/AGN_60_Jahre-37-768x1023.jpg 768w, https:\/\/agrar-nenzing.at\/wp-content\/uploads\/2025\/10\/AGN_60_Jahre-37-1153x1536.jpg 1153w, https:\/\/agrar-nenzing.at\/wp-content\/uploads\/2025\/10\/AGN_60_Jahre-37-1538x2048.jpg 1538w\" sizes=\"auto, (max-width: 288px) 100vw, 288px\" \/><\/p>\n<p>Telefon: 0664 4215027<br \/>\n<a href=\"mailto:verwaltung@agrar-nenzing.at\">Mail<\/a><\/p>\n<p>Verwaltung<br \/>\nSummer Angelika<br \/>\nTelefon: ++ (0)5525 62144<br \/>\n<a href=\"mailto:summer@agrar-nenzing.at\">Mail<\/a><\/p>\n<p>Thomas Geiger, Forstwirtschaftsmeister<\/p>\n<p><img loading=\"lazy\" decoding=\"async\" class=\"alignnone wp-image-5066\" src=\"https:\/\/agrar-nenzing.at\/wp-content\/uploads\/2025\/10\/AGN_60_Jahre-20-1-scaled.jpg\" alt=\"\" width=\"300\" height=\"400\" srcset=\"https:\/\/agrar-nenzing.at\/wp-content\/uploads\/2025\/10\/AGN_60_Jahre-20-1-scaled.jpg 1922w, https:\/\/agrar-nenzing.at\/wp-content\/uploads\/2025\/10\/AGN_60_Jahre-20-1-225x300.jpg 225w, https:\/\/agrar-nenzing.at\/wp-content\/uploads\/2025\/10\/AGN_60_Jahre-20-1-769x1024.jpg 769w, https:\/\/agrar-nenzing.at\/wp-content\/uploads\/2025\/10\/AGN_60_Jahre-20-1-768x1023.jpg 768w, https:\/\/agrar-nenzing.at\/wp-content\/uploads\/2025\/10\/AGN_60_Jahre-20-1-1153x1536.jpg 1153w, https:\/\/agrar-nenzing.at\/wp-content\/uploads\/2025\/10\/AGN_60_Jahre-20-1-1538x2048.jpg 1538w\" sizes=\"auto, (max-width: 300px) 100vw, 300px\" \/><\/p>\n<p>&nbsp;<\/p>\n<p>Stefan Walter, Forstfacharbeiter<\/p>\n<p>Jonas Sen, Forstfacharbeiter<\/p>\n<p><img loading=\"lazy\" decoding=\"async\" class=\"alignnone wp-image-5067\" src=\"https:\/\/agrar-nenzing.at\/wp-content\/uploads\/2025\/10\/AGN_60_Jahre-31-scaled.jpg\" alt=\"\" width=\"300\" height=\"400\" srcset=\"https:\/\/agrar-nenzing.at\/wp-content\/uploads\/2025\/10\/AGN_60_Jahre-31-scaled.jpg 1922w, https:\/\/agrar-nenzing.at\/wp-content\/uploads\/2025\/10\/AGN_60_Jahre-31-225x300.jpg 225w, https:\/\/agrar-nenzing.at\/wp-content\/uploads\/2025\/10\/AGN_60_Jahre-31-769x1024.jpg 769w, https:\/\/agrar-nenzing.at\/wp-content\/uploads\/2025\/10\/AGN_60_Jahre-31-768x1023.jpg 768w, https:\/\/agrar-nenzing.at\/wp-content\/uploads\/2025\/10\/AGN_60_Jahre-31-1153x1536.jpg 1153w, https:\/\/agrar-nenzing.at\/wp-content\/uploads\/2025\/10\/AGN_60_Jahre-31-1538x2048.jpg 1538w\" sizes=\"auto, (max-width: 300px) 100vw, 300px\" \/><\/p>\n<p>Lucas Summer, Forstfacharbeiter<\/p>\n<p><img loading=\"lazy\" decoding=\"async\" class=\"alignnone wp-image-5069\" src=\"https:\/\/agrar-nenzing.at\/wp-content\/uploads\/2025\/10\/AGN_60_Jahre-29-scaled.jpg\" alt=\"\" width=\"300\" height=\"400\" srcset=\"https:\/\/agrar-nenzing.at\/wp-content\/uploads\/2025\/10\/AGN_60_Jahre-29-scaled.jpg 1922w, https:\/\/agrar-nenzing.at\/wp-content\/uploads\/2025\/10\/AGN_60_Jahre-29-225x300.jpg 225w, https:\/\/agrar-nenzing.at\/wp-content\/uploads\/2025\/10\/AGN_60_Jahre-29-769x1024.jpg 769w, https:\/\/agrar-nenzing.at\/wp-content\/uploads\/2025\/10\/AGN_60_Jahre-29-768x1023.jpg 768w, https:\/\/agrar-nenzing.at\/wp-content\/uploads\/2025\/10\/AGN_60_Jahre-29-1153x1536.jpg 1153w, https:\/\/agrar-nenzing.at\/wp-content\/uploads\/2025\/10\/AGN_60_Jahre-29-1538x2048.jpg 1538w\" sizes=\"auto, (max-width: 300px) 100vw, 300px\" \/><\/p>\n<p>&nbsp;<\/p>\n<p>&nbsp;<\/p>\n<p>Luca Tschabrun, Forstfacharbeiter<\/p>\n<p><img loading=\"lazy\" decoding=\"async\" class=\"alignnone wp-image-5070\" src=\"https:\/\/agrar-nenzing.at\/wp-content\/uploads\/2025\/10\/AGN_60_Jahre-25-scaled.jpg\" alt=\"\" width=\"300\" height=\"400\" srcset=\"https:\/\/agrar-nenzing.at\/wp-content\/uploads\/2025\/10\/AGN_60_Jahre-25-scaled.jpg 1922w, https:\/\/agrar-nenzing.at\/wp-content\/uploads\/2025\/10\/AGN_60_Jahre-25-225x300.jpg 225w, https:\/\/agrar-nenzing.at\/wp-content\/uploads\/2025\/10\/AGN_60_Jahre-25-769x1024.jpg 769w, https:\/\/agrar-nenzing.at\/wp-content\/uploads\/2025\/10\/AGN_60_Jahre-25-768x1023.jpg 768w, https:\/\/agrar-nenzing.at\/wp-content\/uploads\/2025\/10\/AGN_60_Jahre-25-1153x1536.jpg 1153w, https:\/\/agrar-nenzing.at\/wp-content\/uploads\/2025\/10\/AGN_60_Jahre-25-1538x2048.jpg 1538w\" sizes=\"auto, (max-width: 300px) 100vw, 300px\" \/><\/p>\n<p>&nbsp;<\/p>\n<p>&nbsp;<\/p>\n<p>Jakob Zech, Forstfacharbeiter<\/p>\n<p>Matthias J\u00e4ger, Forstfacharbeiter<\/p>\n<p><img loading=\"lazy\" decoding=\"async\" class=\"alignnone wp-image-5071\" src=\"https:\/\/agrar-nenzing.at\/wp-content\/uploads\/2025\/10\/AGN_60_Jahre-22-scaled.jpg\" alt=\"\" width=\"300\" height=\"400\" srcset=\"https:\/\/agrar-nenzing.at\/wp-content\/uploads\/2025\/10\/AGN_60_Jahre-22-scaled.jpg 1922w, https:\/\/agrar-nenzing.at\/wp-content\/uploads\/2025\/10\/AGN_60_Jahre-22-225x300.jpg 225w, https:\/\/agrar-nenzing.at\/wp-content\/uploads\/2025\/10\/AGN_60_Jahre-22-769x1024.jpg 769w, https:\/\/agrar-nenzing.at\/wp-content\/uploads\/2025\/10\/AGN_60_Jahre-22-768x1023.jpg 768w, https:\/\/agrar-nenzing.at\/wp-content\/uploads\/2025\/10\/AGN_60_Jahre-22-1153x1536.jpg 1153w, https:\/\/agrar-nenzing.at\/wp-content\/uploads\/2025\/10\/AGN_60_Jahre-22-1538x2048.jpg 1538w\" sizes=\"auto, (max-width: 300px) 100vw, 300px\" \/><\/p>\n<p>Levin Dorner, Lehrling Forstfacharbeiter<\/p>\n<div class=\"mceTemp\"><\/div>\n<p><img loading=\"lazy\" decoding=\"async\" class=\"alignnone wp-image-5072\" src=\"https:\/\/agrar-nenzing.at\/wp-content\/uploads\/2025\/10\/AGN_60_Jahre-27-scaled.jpg\" alt=\"\" width=\"300\" height=\"400\" srcset=\"https:\/\/agrar-nenzing.at\/wp-content\/uploads\/2025\/10\/AGN_60_Jahre-27-scaled.jpg 1922w, https:\/\/agrar-nenzing.at\/wp-content\/uploads\/2025\/10\/AGN_60_Jahre-27-225x300.jpg 225w, https:\/\/agrar-nenzing.at\/wp-content\/uploads\/2025\/10\/AGN_60_Jahre-27-769x1024.jpg 769w, https:\/\/agrar-nenzing.at\/wp-content\/uploads\/2025\/10\/AGN_60_Jahre-27-768x1023.jpg 768w, https:\/\/agrar-nenzing.at\/wp-content\/uploads\/2025\/10\/AGN_60_Jahre-27-1153x1536.jpg 1153w, https:\/\/agrar-nenzing.at\/wp-content\/uploads\/2025\/10\/AGN_60_Jahre-27-1538x2048.jpg 1538w\" sizes=\"auto, (max-width: 300px) 100vw, 300px\" \/><\/p>\n<figure id=\"attachment_365\" class=\"wp-caption alignnone\" style=\"width: 600px;\"><\/figure>\n","protected":false},"excerpt":{"rendered":"<p>Verwaltung Am Platz 10 6710 Nenzing B\u00fcro: Dienstag und Donnerstag 8 &#8211; 12 h Telefon: ++43 5525 62144 Mail Holzzentrum\u00a0Galina Galinastra\u00dfe 4 6710 Nenzing Mitarbeiter Gesch\u00e4ftsf\u00fchrer DI Siegbert Terzer Telefon: 0664 2665432 Mail F\u00f6rster Ing. Thomas Walter Telefon: 0664 4215027 Mail Verwaltung Summer Angelika Telefon: ++ (0)5525 62144 Mail Thomas Geiger, Forstwirtschaftsmeister &nbsp; Stefan Walter, &hellip; <\/p>\n<p class=\"link-more\"><a href=\"https:\/\/agrar-nenzing.at\/?page_id=57\" class=\"more-link\"><span class=\"screen-reader-text\">\u201eForstbetrieb\u201c <\/span>weiterlesen<\/a><\/p>\n","protected":false},"author":75,"featured_media":0,"parent":0,"menu_order":0,"comment_status":"closed","ping_status":"closed","template":"","meta":{"footnotes":""},"class_list":["post-57","page","type-page","status-publish","hentry"],"_links":{"self":[{"href":"https:\/\/agrar-nenzing.at\/index.php?rest_route=\/wp\/v2\/pages\/57","targetHints":{"allow":["GET"]}}],"collection":[{"href":"https:\/\/agrar-nenzing.at\/index.php?rest_route=\/wp\/v2\/pages"}],"about":[{"href":"https:\/\/agrar-nenzing.at\/index.php?rest_route=\/wp\/v2\/types\/page"}],"author":[{"embeddable":true,"href":"https:\/\/agrar-nenzing.at\/index.php?rest_route=\/wp\/v2\/users\/75"}],"replies":[{"embeddable":true,"href":"https:\/\/agrar-nenzing.at\/index.php?rest_route=%2Fwp%2Fv2%2Fcomments&post=57"}],"version-history":[{"count":11,"href":"https:\/\/agrar-nenzing.at\/index.php?rest_route=\/wp\/v2\/pages\/57\/revisions"}],"predecessor-version":[{"id":5074,"href":"https:\/\/agrar-nenzing.at\/index.php?rest_route=\/wp\/v2\/pages\/57\/revisions\/5074"}],"wp:attachment":[{"href":"https:\/\/agrar-nenzing.at\/index.php?rest_route=%2Fwp%2Fv2%2Fmedia&parent=57"}],"curies":[{"name":"wp","href":"https:\/\/api.w.org\/{rel}","templated":true}]}}

<h5></h5>
<h5><img loading="lazy" decoding="async" class="alignnone size-full wp-image-5059" src="https://agrar-nenzing.at/wp-content/uploads/2025/10/AGN_60_Jahre-17-scaled.jpg" alt="" width="2560" height="1922" srcset="https://agrar-nenzing.at/wp-content/uploads/2025/10/AGN_60_Jahre-17-scaled.jpg 2560w, https://agrar-nenzing.at/wp-content/uploads/2025/10/AGN_60_Jahre-17-300x225.jpg 300w, https://agrar-nenzing.at/wp-content/uploads/2025/10/AGN_60_Jahre-17-1024x769.jpg 1024w, https://agrar-nenzing.at/wp-content/uploads/2025/10/AGN_60_Jahre-17-768x577.jpg 768w, https://agrar-nenzing.at/wp-content/uploads/2025/10/AGN_60_Jahre-17-1536x1153.jpg 1536w, https://agrar-nenzing.at/wp-content/uploads/2025/10/AGN_60_Jahre-17-2048x1538.jpg 2048w" sizes="auto, (max-width: 767px) 89vw, (max-width: 1000px) 54vw, (max-width: 1071px) 543px, 580px" /></h5>
<h5></h5>
<h5>Verwaltung</h5>
<p>Am Platz 10<br />
6710 Nenzing<br />
Büro: Dienstag und Donnerstag 8 &#8211; 12 h<br />
Telefon: ++43 5525 62144<br />
<a href="mailto:verwaltung@agrar-nenzing.at">Mail</a></p>
<h5>Holzzentrum Galina</h5>
<p>Galinastraße 4<br />
6710 Nenzing</p>
<h5>Mitarbeiter</h5>
<p>Geschäftsführer<br />
DI Siegbert Terzer</p>
<p><img loading="lazy" decoding="async" class="alignnone wp-image-5061" src="https://agrar-nenzing.at/wp-content/uploads/2025/10/AGN_60_Jahre-34-scaled.jpg" alt="" width="300" height="400" srcset="https://agrar-nenzing.at/wp-content/uploads/2025/10/AGN_60_Jahre-34-scaled.jpg 1922w, https://agrar-nenzing.at/wp-content/uploads/2025/10/AGN_60_Jahre-34-225x300.jpg 225w, https://agrar-nenzing.at/wp-content/uploads/2025/10/AGN_60_Jahre-34-769x1024.jpg 769w, https://agrar-nenzing.at/wp-content/uploads/2025/10/AGN_60_Jahre-34-768x1023.jpg 768w, https://agrar-nenzing.at/wp-content/uploads/2025/10/AGN_60_Jahre-34-1153x1536.jpg 1153w, https://agrar-nenzing.at/wp-content/uploads/2025/10/AGN_60_Jahre-34-1538x2048.jpg 1538w" sizes="auto, (max-width: 300px) 100vw, 300px" /></p>
<p>Telefon: 0664 2665432<br />
<a href="mailto:terzer@agrar-nenzing.at">Mail</a></p>
<p>Förster<br />
Ing. Thomas Walter</p>
<p><img loading="lazy" decoding="async" class="alignnone wp-image-5063" src="https://agrar-nenzing.at/wp-content/uploads/2025/10/AGN_60_Jahre-37-scaled.jpg" alt="" width="288" height="384" srcset="https://agrar-nenzing.at/wp-content/uploads/2025/10/AGN_60_Jahre-37-scaled.jpg 1922w, https://agrar-nenzing.at/wp-content/uploads/2025/10/AGN_60_Jahre-37-225x300.jpg 225w, https://agrar-nenzing.at/wp-content/uploads/2025/10/AGN_60_Jahre-37-769x1024.jpg 769w, https://agrar-nenzing.at/wp-content/uploads/2025/10/AGN_60_Jahre-37-768x1023.jpg 768w, https://agrar-nenzing.at/wp-content/uploads/2025/10/AGN_60_Jahre-37-1153x1536.jpg 1153w, https://agrar-nenzing.at/wp-content/uploads/2025/10/AGN_60_Jahre-37-1538x2048.jpg 1538w" sizes="auto, (max-width: 288px) 100vw, 288px" /></p>
<p>Telefon: 0664 4215027<br />
<a href="mailto:verwaltung@agrar-nenzing.at">Mail</a></p>
<p>Verwaltung<br />
Summer Angelika<br />
Telefon: ++ (0)5525 62144<br />
<a href="mailto:summer@agrar-nenzing.at">Mail</a></p>
<p>Thomas Geiger, Forstwirtschaftsmeister</p>
<p><img loading="lazy" decoding="async" class="alignnone wp-image-5066" src="https://agrar-nenzing.at/wp-content/uploads/2025/10/AGN_60_Jahre-20-1-scaled.jpg" alt="" width="300" height="400" srcset="https://agrar-nenzing.at/wp-content/uploads/2025/10/AGN_60_Jahre-20-1-scaled.jpg 1922w, https://agrar-nenzing.at/wp-content/uploads/2025/10/AGN_60_Jahre-20-1-225x300.jpg 225w, https://agrar-nenzing.at/wp-content/uploads/2025/10/AGN_60_Jahre-20-1-769x1024.jpg 769w, https://agrar-nenzing.at/wp-content/uploads/2025/10/AGN_60_Jahre-20-1-768x1023.jpg 768w, https://agrar-nenzing.at/wp-content/uploads/2025/10/AGN_60_Jahre-20-1-1153x1536.jpg 1153w, https://agrar-nenzing.at/wp-content/uploads/2025/10/AGN_60_Jahre-20-1-1538x2048.jpg 1538w" sizes="auto, (max-width: 300px) 100vw, 300px" /></p>
<p>&nbsp;</p>
<p>Stefan Walter, Forstfacharbeiter</p>
<p>Jonas Sen, Forstfacharbeiter</p>
<p><img loading="lazy" decoding="async" class="alignnone wp-image-5067" src="https://agrar-nenzing.at/wp-content/uploads/2025/10/AGN_60_Jahre-31-scaled.jpg" alt="" width="300" height="400" srcset="https://agrar-nenzing.at/wp-content/uploads/2025/10/AGN_60_Jahre-31-scaled.jpg 1922w, https://agrar-nenzing.at/wp-content/uploads/2025/10/AGN_60_Jahre-31-225x300.jpg 225w, https://agrar-nenzing.at/wp-content/uploads/2025/10/AGN_60_Jahre-31-769x1024.jpg 769w, https://agrar-nenzing.at/wp-content/uploads/2025/10/AGN_60_Jahre-31-768x1023.jpg 768w, https://agrar-nenzing.at/wp-content/uploads/2025/10/AGN_60_Jahre-31-1153x1536.jpg 1153w, https://agrar-nenzing.at/wp-content/uploads/2025/10/AGN_60_Jahre-31-1538x2048.jpg 1538w" sizes="auto, (max-width: 300px) 100vw, 300px" /></p>
<p>Lucas Summer, Forstfacharbeiter</p>
<p><img loading="lazy" decoding="async" class="alignnone wp-image-5069" src="https://agrar-nenzing.at/wp-content/uploads/2025/10/AGN_60_Jahre-29-scaled.jpg" alt="" width="300" height="400" srcset="https://agrar-nenzing.at/wp-content/uploads/2025/10/AGN_60_Jahre-29-scaled.jpg 1922w, https://agrar-nenzing.at/wp-content/uploads/2025/10/AGN_60_Jahre-29-225x300.jpg 225w, https://agrar-nenzing.at/wp-content/uploads/2025/10/AGN_60_Jahre-29-769x1024.jpg 769w, https://agrar-nenzing.at/wp-content/uploads/2025/10/AGN_60_Jahre-29-768x1023.jpg 768w, https://agrar-nenzing.at/wp-content/uploads/2025/10/AGN_60_Jahre-29-1153x1536.jpg 1153w, https://agrar-nenzing.at/wp-content/uploads/2025/10/AGN_60_Jahre-29-1538x2048.jpg 1538w" sizes="auto, (max-width: 300px) 100vw, 300px" /></p>
<p>&nbsp;</p>
<p>&nbsp;</p>
<p>Luca Tschabrun, Forstfacharbeiter</p>
<p><img loading="lazy" decoding="async" class="alignnone wp-image-5070" src="https://agrar-nenzing.at/wp-content/uploads/2025/10/AGN_60_Jahre-25-scaled.jpg" alt="" width="300" height="400" srcset="https://agrar-nenzing.at/wp-content/uploads/2025/10/AGN_60_Jahre-25-scaled.jpg 1922w, https://agrar-nenzing.at/wp-content/uploads/2025/10/AGN_60_Jahre-25-225x300.jpg 225w, https://agrar-nenzing.at/wp-content/uploads/2025/10/AGN_60_Jahre-25-769x1024.jpg 769w, https://agrar-nenzing.at/wp-content/uploads/2025/10/AGN_60_Jahre-25-768x1023.jpg 768w, https://agrar-nenzing.at/wp-content/uploads/2025/10/AGN_60_Jahre-25-1153x1536.jpg 1153w, https://agrar-nenzing.at/wp-content/uploads/2025/10/AGN_60_Jahre-25-1538x2048.jpg 1538w" sizes="auto, (max-width: 300px) 100vw, 300px" /></p>
<p>&nbsp;</p>
<p>&nbsp;</p>
<p>Jakob Zech, Forstfacharbeiter</p>
<p>Matthias Jäger, Forstfacharbeiter</p>
<p><img loading="lazy" decoding="async" class="alignnone wp-image-5071" src="https://agrar-nenzing.at/wp-content/uploads/2025/10/AGN_60_Jahre-22-scaled.jpg" alt="" width="300" height="400" srcset="https://agrar-nenzing.at/wp-content/uploads/2025/10/AGN_60_Jahre-22-scaled.jpg 1922w, https://agrar-nenzing.at/wp-content/uploads/2025/10/AGN_60_Jahre-22-225x300.jpg 225w, https://agrar-nenzing.at/wp-content/uploads/2025/10/AGN_60_Jahre-22-769x1024.jpg 769w, https://agrar-nenzing.at/wp-content/uploads/2025/10/AGN_60_Jahre-22-768x1023.jpg 768w, https://agrar-nenzing.at/wp-content/uploads/2025/10/AGN_60_Jahre-22-1153x1536.jpg 1153w, https://agrar-nenzing.at/wp-content/uploads/2025/10/AGN_60_Jahre-22-1538x2048.jpg 1538w" sizes="auto, (max-width: 300px) 100vw, 300px" /></p>
<p>Levin Dorner, Lehrling Forstfacharbeiter</p>
<div class="mceTemp"></div>
<p><img loading="lazy" decoding="async" class="alignnone wp-image-5072" src="https://agrar-nenzing.at/wp-content/uploads/2025/10/AGN_60_Jahre-27-scaled.jpg" alt="" width="300" height="400" srcset="https://agrar-nenzing.at/wp-content/uploads/2025/10/AGN_60_Jahre-27-scaled.jpg 1922w, https://agrar-nenzing.at/wp-content/uploads/2025/10/AGN_60_Jahre-27-225x300.jpg 225w, https://agrar-nenzing.at/wp-content/uploads/2025/10/AGN_60_Jahre-27-769x1024.jpg 769w, https://agrar-nenzing.at/wp-content/uploads/2025/10/AGN_60_Jahre-27-768x1023.jpg 768w, https://agrar-nenzing.at/wp-content/uploads/2025/10/AGN_60_Jahre-27-1153x1536.jpg 1153w, https://agrar-nenzing.at/wp-content/uploads/2025/10/AGN_60_Jahre-27-1538x2048.jpg 1538w" sizes="auto, (max-width: 300px) 100vw, 300px" /></p>
<figure id="attachment_365" class="wp-caption alignnone" style="width: 600px;"></figure>

<p>Verwaltung Am Platz 10 6710 Nenzing Büro: Dienstag und Donnerstag 8 &#8211; 12 h Telefon: ++43 5525 62144 Mail Holzzentrum Galina Galinastraße 4 6710 Nenzing Mitarbeiter Geschäftsführer DI Siegbert Terzer Telefon: 0664 2665432 Mail Förster Ing. Thomas Walter Telefon: 0664 4215027 Mail Verwaltung Summer Angelika Telefon: ++ (0)5525 62144 Mail Thomas Geiger, Forstwirtschaftsmeister &nbsp; Stefan Walter, &hellip; </p>
<p class="link-more"><a href="https://agrar-nenzing.at/?page_id=57" class="more-link"><span class="screen-reader-text">„Forstbetrieb“ </span>weiterlesen</a></p>
