{"id":79,"date":"2017-01-04T10:00:27","date_gmt":"2017-01-04T10:00:27","guid":{"rendered":"http:\/\/agrar-nenzing.at\/?page_id=79"},"modified":"2023-04-19T10:02:52","modified_gmt":"2023-04-19T10:02:52","slug":"nenzinger-himmel","status":"publish","type":"page","link":"https:\/\/agrar-nenzing.at\/?page_id=79","title":{"rendered":"Nenzinger Himmel &#8211; Tourismus"},"content":{"rendered":"<p><strong>Feriendorf \u00a0mit Privath\u00fctten<\/strong><\/p>\n<p>Ein Gasthof \u00a0und ein kleines Gesch\u00e4ft z\u00e4hlen zu den Annehmlichkeiten eines Ferienaufenthaltes im Nenzinger Himmel. Zahlreiche Privath\u00fctten werden den ganzen Sommer \u00fcber zur Sommerfrische genutzt.<\/p>\n<p><em>Gasthof mit Zimmer: P\u00e4chter Andreas Lutz und Michael Jantscher<br \/>\n<\/em><em>Tel. 05525\/64606\u00a0 oder 0664\/88366138<\/em><br \/>\n<em>Lebensmittelgesch\u00e4ft: Tel. 05525\/64606 oder 0664\/88366138<br \/>\nAlpprodukte: Senntum Gamperdona<br \/>\n<\/em><\/p>\n<p>Viele Wanderwege, sowohl von Brand\/Brandnertal, sowie Malbun, F\u00fcrstentum Liechtenstein und von der Schweiz \u00fcber das Salaruljoch f\u00fchren in den Nenzinger Himmel.<\/p>\n<p>Webcams:<\/p>\n<p><a href=\"http:\/\/www.bergfex.at\/sommer\/nenzing\/webcams\/c12238\/\">1 Webcam im Nenzinger Himmel <\/a><\/p>\n<p><a href=\"http:\/\/www.bergfex.at\/sommer\/nenzing\/webcams\/c12239\/\">2 Webcam im Nenzinger Himmel <\/a><\/p>\n<p>&nbsp;<\/p>\n<p><strong>Gamperdonaweg\u00a0<\/strong><\/p>\n<p>Erreichbar ist der Nenzinger Himmel \u00fcber den G\u00fcterweg Gamperdona. Dieser kann jedoch nur von dazu Berechtigten befahren werden.<\/p>\n<p><em>Dieses Busunternehmen bietet Taxifahrten an:<\/em><\/p>\n<p>Lisi &amp; Friedl Touristik<br \/>\nSchwedenstrasse 7, 6710 Nenzing<br \/>\n<a href=\"http:\/\/www.wanderbus.at\">http:\/\/www.wanderbus.at<\/a><br \/>\ntel. 0043\/5525\/62594<br \/>\nfax. 0043\/55225\/62594-14<\/p>\n<p><strong>Fahrradfahren &#8211; Mountainbiken<\/strong><\/p>\n<p>Die Wege \u00a0<em>Nenzingerberg-Parpfien<\/em>z nach Brand und<em>\u00a0Plandedon<\/em> auf den B\u00fcrserberg\/Tschengla sind als offizielle Moutainbikerrouten seitens der Agrargemeinschaft Nenzing freigegeben.<\/p>\n<h6>Der Gamperdonaweg, der Weg in den Nenzinger Himmel, ist nur f\u00fcr Berechtigte befahrbar &#8211; es gilt ein allgemeines, ganzj\u00e4hriges Fahrverbot f\u00fcr Radfahrer!<\/h6>\n<p>&nbsp;<\/p>\n<p><strong style=\"font-size: 1rem;\"><strong>Zelten und Campieren im Nenzinger Himmel<\/strong><\/strong><\/p>\n<p>Laut Verordnung der Marktgemeinde Nenzing ist das Zelten und Campieren\u00a0 au\u00dferhalb von Campingpl\u00e4tzen nicht erlaubt.\u00a0 Zelte, Wohnwagen und \u00e4hnliche bewegliche Unterk\u00fcnfte d\u00fcrfen au\u00dferhalb von Campingpl\u00e4tzen nicht aufgestellt werden [https:\/\/www.marktgemeinde-nenzing.com\/\/daten\/5\/Downloads\/Verordnungen\/Campingverordnung_au%C3%9Ferhalb_Campingpl%C3%A4tzen_%202017.pdf].<\/p>\n<p>Mit schriftlicher Erlaubnis der Agrargemeinschaft Nenzing darf auf der kleinen Wiese am Ende der Feriensiedlung \u00fcber dem Mengbach, am G\u00fcter- bzw. Fu\u00dfweg Richtung Sareis unter Auflagen gezeltet und campiert werden. Eine schriftliche Bewilligung durch die <a href=\"https:\/\/agrar-nenzing.at\/?page_id=57\">Verwaltung der Agrargemeinschaft Nenzing <\/a>ist rechtzeitig einzuholen!<\/p>\n<p>&nbsp;<\/p>\n<p><strong>Pflanzenschutzgebiet<br \/>\n<\/strong>F\u00fcr die Naturfreunde ist die Pflanzen &#8211; und Tierwelt des Gamperdonatales, aber vor allem im Nenzinger Himmels ein gro\u00dfer Anziehungspunkt. Der gesamte Nenzinger Himmel ist unter Naturschutz gestellt und bietet f\u00fcr Interessierte einzigartige Alpenpflanzen.<\/p>\n<p><strong>Exkursionen<br \/>\n<\/strong>Das Senntum Gamperdona im Nenzinger Himmel wurde im Jahr 1999 nach dem neuesten Stand der Technik umgebaut, um den EU-Hgyienerichtlinien zu entsprechen und bietet reichlich Stoff f\u00fcr Exkursionen f\u00fcr interessiertes Fachpublikum.<\/p>\n<p>Die Schutzwaldverbauungsma\u00dfnahmen, ein Wintergatter zur Wildbewirtschaftung, die naturnahe Waldbewirtschaftung der W\u00e4lder der Agrargemeinschaft Nenzing sind m\u00f6gliche Themen\u00a0f\u00fcr forstliche Exkursionen.<br \/>\nAnfragen richten Sie an die<a href=\"https:\/\/agrar-nenzing.at\/?page_id=57\"> Verwaltung der Agrargemeinschaft.<\/a><\/p>\n<div id='gallery-1' class='gallery galleryid-79 gallery-columns-3 gallery-size-thumbnail'><figure class='gallery-item'>\n\t\t\t<div class='gallery-icon portrait'>\n\t\t\t\t<a href='https:\/\/agrar-nenzing.at\/?attachment_id=399'><img loading=\"lazy\" decoding=\"async\" width=\"150\" height=\"150\" src=\"https:\/\/agrar-nenzing.at\/wp-content\/uploads\/2017\/01\/DSC_2171-e1484577195366-150x150.jpg\" class=\"attachment-thumbnail size-thumbnail\" alt=\"\" aria-describedby=\"gallery-1-399\" srcset=\"https:\/\/agrar-nenzing.at\/wp-content\/uploads\/2017\/01\/DSC_2171-e1484577195366-150x150.jpg 150w, https:\/\/agrar-nenzing.at\/wp-content\/uploads\/2017\/01\/DSC_2171-e1484577195366-100x100.jpg 100w\" sizes=\"auto, 100vw\" \/><\/a>\n\t\t\t<\/div>\n\t\t\t\t<figcaption class='wp-caption-text gallery-caption' id='gallery-1-399'>\n\t\t\t\tNenzinger Himmel\n\t\t\t\t<\/figcaption><\/figure><figure class='gallery-item'>\n\t\t\t<div class='gallery-icon landscape'>\n\t\t\t\t<a href='https:\/\/agrar-nenzing.at\/?attachment_id=400'><img loading=\"lazy\" decoding=\"async\" width=\"150\" height=\"150\" src=\"https:\/\/agrar-nenzing.at\/wp-content\/uploads\/2017\/01\/DSC_3200-150x150.jpg\" class=\"attachment-thumbnail size-thumbnail\" alt=\"\" aria-describedby=\"gallery-1-400\" srcset=\"https:\/\/agrar-nenzing.at\/wp-content\/uploads\/2017\/01\/DSC_3200-150x150.jpg 150w, https:\/\/agrar-nenzing.at\/wp-content\/uploads\/2017\/01\/DSC_3200-100x100.jpg 100w\" sizes=\"auto, 100vw\" \/><\/a>\n\t\t\t<\/div>\n\t\t\t\t<figcaption class='wp-caption-text gallery-caption' id='gallery-1-400'>\n\t\t\t\tAlpe G\u00fcfel\n\t\t\t\t<\/figcaption><\/figure><figure class='gallery-item'>\n\t\t\t<div class='gallery-icon landscape'>\n\t\t\t\t<a href='https:\/\/agrar-nenzing.at\/?attachment_id=401'><img loading=\"lazy\" decoding=\"async\" width=\"150\" height=\"150\" src=\"https:\/\/agrar-nenzing.at\/wp-content\/uploads\/2017\/01\/DSC_3408-150x150.jpg\" class=\"attachment-thumbnail size-thumbnail\" alt=\"\" aria-describedby=\"gallery-1-401\" srcset=\"https:\/\/agrar-nenzing.at\/wp-content\/uploads\/2017\/01\/DSC_3408-150x150.jpg 150w, https:\/\/agrar-nenzing.at\/wp-content\/uploads\/2017\/01\/DSC_3408-100x100.jpg 100w\" sizes=\"auto, 100vw\" \/><\/a>\n\t\t\t<\/div>\n\t\t\t\t<figcaption class='wp-caption-text gallery-caption' id='gallery-1-401'>\n\t\t\t\tH\u00fctten Nenzinger Himmel\n\t\t\t\t<\/figcaption><\/figure><figure class='gallery-item'>\n\t\t\t<div class='gallery-icon landscape'>\n\t\t\t\t<a href='https:\/\/agrar-nenzing.at\/?attachment_id=405'><img loading=\"lazy\" decoding=\"async\" width=\"150\" height=\"113\" src=\"https:\/\/agrar-nenzing.at\/wp-content\/uploads\/2017\/01\/P1060548-e1484578667204.jpg\" class=\"attachment-thumbnail size-thumbnail\" alt=\"\" aria-describedby=\"gallery-1-405\" sizes=\"auto, 100vw\" \/><\/a>\n\t\t\t<\/div>\n\t\t\t\t<figcaption class='wp-caption-text gallery-caption' id='gallery-1-405'>\n\t\t\t\tNenzinger Himmel\n\t\t\t\t<\/figcaption><\/figure><figure class='gallery-item'>\n\t\t\t<div class='gallery-icon landscape'>\n\t\t\t\t<a href='https:\/\/agrar-nenzing.at\/?attachment_id=403'><img loading=\"lazy\" decoding=\"async\" width=\"150\" height=\"150\" src=\"https:\/\/agrar-nenzing.at\/wp-content\/uploads\/2017\/01\/P1060523-150x150.jpg\" class=\"attachment-thumbnail size-thumbnail\" alt=\"\" aria-describedby=\"gallery-1-403\" srcset=\"https:\/\/agrar-nenzing.at\/wp-content\/uploads\/2017\/01\/P1060523-150x150.jpg 150w, https:\/\/agrar-nenzing.at\/wp-content\/uploads\/2017\/01\/P1060523-100x100.jpg 100w\" sizes=\"auto, 100vw\" \/><\/a>\n\t\t\t<\/div>\n\t\t\t\t<figcaption class='wp-caption-text gallery-caption' id='gallery-1-403'>\n\t\t\t\tAmatschonjoch\nFoto: Siegbert Terzer\n\t\t\t\t<\/figcaption><\/figure>\n\t\t<\/div>\n\n","protected":false},"excerpt":{"rendered":"<p>Feriendorf \u00a0mit Privath\u00fctten Ein Gasthof \u00a0und ein kleines Gesch\u00e4ft z\u00e4hlen zu den Annehmlichkeiten eines Ferienaufenthaltes im Nenzinger Himmel. Zahlreiche Privath\u00fctten werden den ganzen Sommer \u00fcber zur Sommerfrische genutzt. Gasthof mit Zimmer: P\u00e4chter Andreas Lutz und Michael Jantscher Tel. 05525\/64606\u00a0 oder 0664\/88366138 Lebensmittelgesch\u00e4ft: Tel. 05525\/64606 oder 0664\/88366138 Alpprodukte: Senntum Gamperdona Viele Wanderwege, sowohl von Brand\/Brandnertal, sowie &hellip; <\/p>\n<p class=\"link-more\"><a href=\"https:\/\/agrar-nenzing.at\/?page_id=79\" class=\"more-link\"><span class=\"screen-reader-text\">\u201eNenzinger Himmel &#8211; Tourismus\u201c <\/span>weiterlesen<\/a><\/p>\n","protected":false},"author":75,"featured_media":0,"parent":45,"menu_order":0,"comment_status":"closed","ping_status":"closed","template":"","meta":{"footnotes":""},"class_list":["post-79","page","type-page","status-publish","hentry"],"_links":{"self":[{"href":"https:\/\/agrar-nenzing.at\/index.php?rest_route=\/wp\/v2\/pages\/79","targetHints":{"allow":["GET"]}}],"collection":[{"href":"https:\/\/agrar-nenzing.at\/index.php?rest_route=\/wp\/v2\/pages"}],"about":[{"href":"https:\/\/agrar-nenzing.at\/index.php?rest_route=\/wp\/v2\/types\/page"}],"author":[{"embeddable":true,"href":"https:\/\/agrar-nenzing.at\/index.php?rest_route=\/wp\/v2\/users\/75"}],"replies":[{"embeddable":true,"href":"https:\/\/agrar-nenzing.at\/index.php?rest_route=%2Fwp%2Fv2%2Fcomments&post=79"}],"version-history":[{"count":8,"href":"https:\/\/agrar-nenzing.at\/index.php?rest_route=\/wp\/v2\/pages\/79\/revisions"}],"predecessor-version":[{"id":4236,"href":"https:\/\/agrar-nenzing.at\/index.php?rest_route=\/wp\/v2\/pages\/79\/revisions\/4236"}],"up":[{"embeddable":true,"href":"https:\/\/agrar-nenzing.at\/index.php?rest_route=\/wp\/v2\/pages\/45"}],"wp:attachment":[{"href":"https:\/\/agrar-nenzing.at\/index.php?rest_route=%2Fwp%2Fv2%2Fmedia&parent=79"}],"curies":[{"name":"wp","href":"https:\/\/api.w.org\/{rel}","templated":true}]}}